{"id":903,"date":"2016-03-12T21:52:47","date_gmt":"2016-03-12T19:52:47","guid":{"rendered":"http:\/\/bimy.org.tr\/?page_id=903"},"modified":"2017-03-10T20:47:20","modified_gmt":"2017-03-10T17:47:20","slug":"gorseller","status":"publish","type":"page","link":"http:\/\/bimy.org.tr\/bimy23\/gorseller\/","title":{"rendered":"G\u00f6rseller"},"content":{"rendered":"<p><strong>TBD B\u0130MY&#8217;23 Afi\u015f, Poster G\u00f6rseller<\/strong><\/p>\n<p><img loading=\"lazy\" decoding=\"async\" class=\"alignnone size-full wp-image-892\" src=\"http:\/\/bimy.org.tr\/bimy23\/wp-content\/uploads\/2016\/03\/2700x420.jpg\" alt=\"2700x420\" width=\"2700\" height=\"420\" srcset=\"http:\/\/bimy.org.tr\/bimy23\/wp-content\/uploads\/2016\/03\/2700x420.jpg 2700w, http:\/\/bimy.org.tr\/bimy23\/wp-content\/uploads\/2016\/03\/2700x420-300x47.jpg 300w, http:\/\/bimy.org.tr\/bimy23\/wp-content\/uploads\/2016\/03\/2700x420-768x119.jpg 768w, http:\/\/bimy.org.tr\/bimy23\/wp-content\/uploads\/2016\/03\/2700x420-1024x159.jpg 1024w\" sizes=\"(max-width: 2700px) 100vw, 2700px\" \/><\/p>\n<p><img loading=\"lazy\" decoding=\"async\" class=\"alignnone size-full wp-image-893\" src=\"http:\/\/bimy.org.tr\/bimy23\/wp-content\/uploads\/2016\/03\/240x1200.jpg\" alt=\"240x1200\" width=\"1200\" height=\"240\" srcset=\"http:\/\/bimy.org.tr\/bimy23\/wp-content\/uploads\/2016\/03\/240x1200.jpg 1200w, http:\/\/bimy.org.tr\/bimy23\/wp-content\/uploads\/2016\/03\/240x1200-300x60.jpg 300w, http:\/\/bimy.org.tr\/bimy23\/wp-content\/uploads\/2016\/03\/240x1200-768x154.jpg 768w, http:\/\/bimy.org.tr\/bimy23\/wp-content\/uploads\/2016\/03\/240x1200-1024x205.jpg 1024w\" sizes=\"(max-width: 1200px) 100vw, 1200px\" \/><\/p>\n<p><img loading=\"lazy\" decoding=\"async\" class=\"alignnone size-full wp-image-890\" src=\"http:\/\/bimy.org.tr\/bimy23\/wp-content\/uploads\/2016\/03\/1920x600.jpg\" alt=\"1920x600\" width=\"1920\" height=\"600\" srcset=\"http:\/\/bimy.org.tr\/bimy23\/wp-content\/uploads\/2016\/03\/1920x600.jpg 1920w, http:\/\/bimy.org.tr\/bimy23\/wp-content\/uploads\/2016\/03\/1920x600-300x94.jpg 300w, http:\/\/bimy.org.tr\/bimy23\/wp-content\/uploads\/2016\/03\/1920x600-768x240.jpg 768w, http:\/\/bimy.org.tr\/bimy23\/wp-content\/uploads\/2016\/03\/1920x600-1024x320.jpg 1024w\" sizes=\"(max-width: 1920px) 100vw, 1920px\" \/><\/p>\n<p><img loading=\"lazy\" decoding=\"async\" class=\"alignnone size-full wp-image-886\" src=\"http:\/\/bimy.org.tr\/bimy23\/wp-content\/uploads\/2016\/03\/2700x840.jpg\" alt=\"2700x840\" width=\"2700\" height=\"840\" srcset=\"http:\/\/bimy.org.tr\/bimy23\/wp-content\/uploads\/2016\/03\/2700x840.jpg 2700w, http:\/\/bimy.org.tr\/bimy23\/wp-content\/uploads\/2016\/03\/2700x840-300x93.jpg 300w, http:\/\/bimy.org.tr\/bimy23\/wp-content\/uploads\/2016\/03\/2700x840-768x239.jpg 768w, http:\/\/bimy.org.tr\/bimy23\/wp-content\/uploads\/2016\/03\/2700x840-1024x319.jpg 1024w\" sizes=\"(max-width: 2700px) 100vw, 2700px\" \/><\/p>\n<p><img loading=\"lazy\" decoding=\"async\" class=\"alignnone size-full wp-image-891\" src=\"http:\/\/bimy.org.tr\/bimy23\/wp-content\/uploads\/2016\/03\/1660x650.jpg\" alt=\"1660x650\" width=\"1660\" height=\"650\" srcset=\"http:\/\/bimy.org.tr\/bimy23\/wp-content\/uploads\/2016\/03\/1660x650.jpg 1660w, http:\/\/bimy.org.tr\/bimy23\/wp-content\/uploads\/2016\/03\/1660x650-300x117.jpg 300w, http:\/\/bimy.org.tr\/bimy23\/wp-content\/uploads\/2016\/03\/1660x650-768x301.jpg 768w, http:\/\/bimy.org.tr\/bimy23\/wp-content\/uploads\/2016\/03\/1660x650-1024x401.jpg 1024w\" sizes=\"(max-width: 1660px) 100vw, 1660px\" \/><\/p>\n<p><img loading=\"lazy\" decoding=\"async\" class=\"alignnone size-full wp-image-889\" src=\"http:\/\/bimy.org.tr\/bimy23\/wp-content\/uploads\/2016\/03\/1360x820-1.jpg\" alt=\"1360x820\" width=\"1360\" height=\"820\" srcset=\"http:\/\/bimy.org.tr\/bimy23\/wp-content\/uploads\/2016\/03\/1360x820-1.jpg 1360w, http:\/\/bimy.org.tr\/bimy23\/wp-content\/uploads\/2016\/03\/1360x820-1-300x181.jpg 300w, http:\/\/bimy.org.tr\/bimy23\/wp-content\/uploads\/2016\/03\/1360x820-1-768x463.jpg 768w, http:\/\/bimy.org.tr\/bimy23\/wp-content\/uploads\/2016\/03\/1360x820-1-1024x617.jpg 1024w\" sizes=\"(max-width: 1360px) 100vw, 1360px\" \/><\/p>\n<p><img loading=\"lazy\" decoding=\"async\" class=\"alignnone size-full wp-image-888\" src=\"http:\/\/bimy.org.tr\/bimy23\/wp-content\/uploads\/2016\/03\/1380x1380.jpg\" alt=\"1380x1380\" width=\"1380\" height=\"1380\" srcset=\"http:\/\/bimy.org.tr\/bimy23\/wp-content\/uploads\/2016\/03\/1380x1380.jpg 1380w, http:\/\/bimy.org.tr\/bimy23\/wp-content\/uploads\/2016\/03\/1380x1380-150x150.jpg 150w, http:\/\/bimy.org.tr\/bimy23\/wp-content\/uploads\/2016\/03\/1380x1380-300x300.jpg 300w, http:\/\/bimy.org.tr\/bimy23\/wp-content\/uploads\/2016\/03\/1380x1380-768x768.jpg 768w, http:\/\/bimy.org.tr\/bimy23\/wp-content\/uploads\/2016\/03\/1380x1380-1024x1024.jpg 1024w, http:\/\/bimy.org.tr\/bimy23\/wp-content\/uploads\/2016\/03\/1380x1380-180x180.jpg 180w, http:\/\/bimy.org.tr\/bimy23\/wp-content\/uploads\/2016\/03\/1380x1380-600x600.jpg 600w, http:\/\/bimy.org.tr\/bimy23\/wp-content\/uploads\/2016\/03\/1380x1380-458x458.jpg 458w\" sizes=\"(max-width: 1380px) 100vw, 1380px\" \/><\/p>\n<p><img loading=\"lazy\" decoding=\"async\" class=\"alignnone size-full wp-image-887\" src=\"http:\/\/bimy.org.tr\/bimy23\/wp-content\/uploads\/2016\/03\/1660x1300.jpg\" alt=\"1660x1300\" width=\"1660\" height=\"1300\" srcset=\"http:\/\/bimy.org.tr\/bimy23\/wp-content\/uploads\/2016\/03\/1660x1300.jpg 1660w, http:\/\/bimy.org.tr\/bimy23\/wp-content\/uploads\/2016\/03\/1660x1300-300x235.jpg 300w, http:\/\/bimy.org.tr\/bimy23\/wp-content\/uploads\/2016\/03\/1660x1300-768x601.jpg 768w, http:\/\/bimy.org.tr\/bimy23\/wp-content\/uploads\/2016\/03\/1660x1300-1024x802.jpg 1024w\" sizes=\"(max-width: 1660px) 100vw, 1660px\" \/><\/p>\n","protected":false},"excerpt":{"rendered":"<p>TBD B\u0130MY&#8217;23 Afi\u015f, Poster G\u00f6rseller<\/p>\n","protected":false},"author":2,"featured_media":0,"parent":0,"menu_order":0,"comment_status":"closed","ping_status":"closed","template":"","meta":{"footnotes":""},"_links":{"self":[{"href":"http:\/\/bimy.org.tr\/bimy23\/wp-json\/wp\/v2\/pages\/903"}],"collection":[{"href":"http:\/\/bimy.org.tr\/bimy23\/wp-json\/wp\/v2\/pages"}],"about":[{"href":"http:\/\/bimy.org.tr\/bimy23\/wp-json\/wp\/v2\/types\/page"}],"author":[{"embeddable":true,"href":"http:\/\/bimy.org.tr\/bimy23\/wp-json\/wp\/v2\/users\/2"}],"replies":[{"embeddable":true,"href":"http:\/\/bimy.org.tr\/bimy23\/wp-json\/wp\/v2\/comments?post=903"}],"version-history":[{"count":10,"href":"http:\/\/bimy.org.tr\/bimy23\/wp-json\/wp\/v2\/pages\/903\/revisions"}],"predecessor-version":[{"id":1335,"href":"http:\/\/bimy.org.tr\/bimy23\/wp-json\/wp\/v2\/pages\/903\/revisions\/1335"}],"wp:attachment":[{"href":"http:\/\/bimy.org.tr\/bimy23\/wp-json\/wp\/v2\/media?parent=903"}],"curies":[{"name":"wp","href":"https:\/\/api.w.org\/{rel}","templated":true}]}}